76991 a multiple of 51?
False
Does 861 divide 8452748?
False
Does 117 divide 453843?
True
Is 35495 a multiple of 5?
True
Is 93 a factor of 170190?
True
Does 20 divide 853520?
True
Is 1515454 a multiple of 979?
False
Is 113 a factor of 5792606?
True
Is 22 a factor of 37528380?
False
Is 15965 a multiple of 5?
True
Is 18813990 a multiple of 26?
True
Is 6908 a multiple of 22?
True
Does 203 divide 634980?
False
Is 55 a factor of 247280?
True
Is 2952825 a multiple of 387?
False
Does 261 divide 603171?
True
Does 12 divide 9545323?
False
Does 12 divide 216204?
True
Is 22 a factor of 596002?
True
Is 5812 a multiple of 2?
True
Does 4 divide 1971660?
True
Is 28 a factor of 1043138?
False
Is 41 a factor of 98359?
True
Does 2 divide 611590?
True
Is 48 a factor of 4606704?
True
Is 82614 a multiple of 281?
True
Is 183976 a multiple of 29?
True
Is 47 a factor of 84506?
True
Is 1564 a multiple of 509?
False
Is 321 a factor of 5522702?
False
Is 797470 a multiple of 170?
True
Is 31 a factor of 254851?
True
Does 69 divide 143692?
False
Is 31 a factor of 139584?
False
Does 331 divide 338282?
True
Does 679 divide 8962800?
True
Does 55 divide 108790?
True
Is 380 a factor of 218880?
True
Does 100 divide 47096?
False
Is 56 a factor of 129416?
True
Does 14 divide 7001288?
True
Does 334 divide 3671126?
False
Is 76 a factor of 94095?
False
Is 69 a factor of 1944399?
False
Is 157439 a multiple of 48?
False
Is 30 a factor of 1678224?
False
Does 67 divide 214333?
True
Is 10 a factor of 15575?
False
Is 10401216 a multiple of 327?
True
Does 40 divide 2527587?
False
Is 1484400 a multiple of 200?
True
Is 16 a factor of 3256954?
False
Is 45846 a multiple of 54?
True
Does 201 divide 718173?
True
Is 3356464 a multiple of 61?
True
Does 1180 divide 20620592?
False
Is 3083338 a multiple of 58?
True
Is 8 a factor of 23416?
True
Is 62130 a multiple of 38?
True
Is 29 a factor of 4445207?
True
Is 6 a factor of 169284?
True
Does 14 divide 14696596?
False
Does 8 divide 117808?
True
Is 5412681 a multiple of 16?
False
Does 65 divide 1526395?
True
Does 31 divide 12214?
True
Is 3493474 a multiple of 45?
False
Does 46 divide 89424?
True
Does 110 divide 121984?
False
Is 4340 a multiple of 124?
True
Does 106 divide 128472?
True
Does 69 divide 343758?
True
Is 24 a factor of 140860?
False
Does 41 divide 9302060?
False
Does 1035 divide 14857425?
True
Does 82 divide 635096?
False
Is 792305 a multiple of 211?
True
Is 356373 a multiple of 3?
True
Does 359 divide 3897663?
True
Does 79 divide 68730?
True
Is 6397314 a multiple of 122?
True
Is 186031 a multiple of 39?
False
Is 564 a factor of 116748?
True
Is 43 a factor of 14534?
True
Is 9 a factor of 100383?
False
Does 17 divide 68272?
True
Does 205 divide 81590?
True
Does 26 divide 31507?
False
Does 19 divide 10384754?
True
Is 213 a factor of 1799965?
False
Is 169597 a multiple of 181?
True
Is 9985117 a multiple of 108?
False
Is 6405570 a multiple of 618?
True
Is 29 a factor of 18370891?
True
Does 6 divide 373176?
True
Is 492352 a multiple of 448?
True
Does 5 divide 37223?
False
Does 41 divide 24709?
False
Is 4134240 a multiple of 45?
True
Is 556200 a multiple of 2?
True
Does 49 divide 4121138?
False
Is 11 a factor of 487171?
False
Does 9 divide 173982?
False
Does 73 divide 184317?
False
Does 41 divide 4615329?
True
Is 171000 a multiple of 456?
True
Does 14 divide 528555?
False
Is 3673260 a multiple of 36?
True
Is 273 a factor of 40766?
False
Is 9557503 a multiple of 19?
False
Is 228032 a multiple of 14?
True
Is 981 a factor of 17422145?
False
Does 34 divide 29822930?
True
Does 9 divide 445785?
False
Does 2 divide 3854?
True
Is 17 a factor of 18353610?
False
Is 23 a factor of 349546?
False
Does 78 divide 49414?
False
Does 105 divide 630?
True
Does 268 divide 140626?
False
Is 7471665 a multiple of 44?
False
Is 350208 a multiple of 32?
True
Does 350 divide 55246?
False
Is 241 a factor of 555585?
False
Does 69 divide 11085954?
True
Does 141 divide 9429375?
True
Does 110 divide 125950?
True
Is 15 a factor of 5642931?
False
Does 33 divide 4571820?
True
Does 44 divide 599192?
True
Is 3029803 a multiple of 135?
False
Does 72 divide 332712?
True
Is 30940 a multiple of 9?
False
Is 519 a factor of 757735?
False
Is 42863 a multiple of 2?
False
Does 415 divide 271676?
False
Is 200358 a multiple of 425?
False
Does 50 divide 295900?
True
Is 372368 a multiple of 37?
True
Is 10338748 a multiple of 111?
False
Does 26 divide 13175864?
True
Is 397 a factor of 2015966?
True
Does 76 divide 2148199?
False
Does 71 divide 201677?
False
Is 323493 a multiple of 3?
True
Is 60916 a multiple of 194?
True
Is 8 a factor of 7225088?
True
Is 2852324 a multiple of 288?
False
Does 218 divide 308898?
False
Is 60 a factor of 1077180?
True
Does 37 divide 99678?
True
Is 2 a factor of 5389239?
False
Does 9 divide 88645?
False
Is 408606 a multiple of 41?
True
Is 391 a factor of 2103971?
True
Is 1393664 a multiple of 9?
False
Is 672 a factor of 3890880?
True
Does 30 divide 305368?
False
Is 2185840 a multiple of 10?
True
Is 8790 a multiple of 10?
True
Does 4 divide 427884?
True
Does 28 divide 14196?
True
Is 369648 a multiple of 8?
True
Is 223221 a multiple of 61?
False
Does 1072 divide 4368400?
True
Is 223 a factor of 205860?
False
Is 772200 a multiple of 225?
True
Is 14013865 a multiple of 195?
False
Is 24576 a multiple of 128?
True
Does 75 divide 8553777?
False
Is 10 a factor of 135900?
True
Is 1007145 a multiple of 271?
False
Is 566327 even?
False
Does 156 divide 176592?
True
Is 354 a factor of 2641548?
True
Is 77411 a multiple of 246?
False
Is 3013500 a multiple of 100?
True
Is 1270532 a multiple of 14?
False
Is 20 a factor of 14383849?
False
Does 27 divide 370188?
False
Is 7673850 a multiple of 45?
True
Is 4 a factor of 118515?
False
Is 23 a factor of 2003136?
False
Does 5 divide 39097?
False
Is 897744 a multiple of 177?
True
Is 1487459 a multiple of 73?
False
Is 13 a factor of 13141?
False
Is 345 a factor of 36915?
True
Is 175 a factor of 22877588?
False
Is 16 a factor of 19664?
True
Does 23 divide 185309?
False
Is 4690184 a multiple of 232?
False
Is 1349 a factor of 3787999?
False
Does 9 divide 143253?
True
Is 156 a factor of 4368?
True
Is 635466 a multiple of 222?
False
Does 115 divide 2496405?
False
Is 503 a factor of 155309?
False
Is 95 a factor of 47120?
True
Does 81 divide 286481?
False
Is 163530 a multiple of 46?
True
Is 747 a factor of 6951116?
False
Does 52 divide 103780?
False
Is 3 a factor of 1289136?
True
Is 13082 a multiple of 2?
True
Does 307 divide 10651574?
False
Is 15819028 a multiple of 1642?
True
Is 14 a factor of 871570?
True
Is 252580 a multiple of 146?
True
Is 166166 a multiple of 143?
True
Is 12312 a multiple of 6?
True
Does 16 divide 5899049?
False
Is 9 a factor of 14812372?
False
Is 17 a factor of 1778523?
True
Does 58 divide 104927?
False
Is 34 a factor of 34496?
False
Is 982 a factor of 201404?
False
Does 28 divide 404241?
False
Is 14457 a multiple of 2?
False
Does 21 divide 883323?
True
Is 7406598 a multiple of 281?
True
Is 32 a factor of 14294208?
True
Does 44 divide 86968?
False
Is 70263 a multiple of 219?
False
Is 123530 a multiple of 10?
True
Is 81795 a multiple of 35?
True
Is 76 a factor of 25996?
False
Does 66 divide 516963?
False
Does 3 divide 2247?
True
Is 393 a factor of 716326?
False
Is 660337 a multiple of 138?
False
Does 15 divide 90435?
True
Is 28 a factor of 15372?
True
Does 263 divide 2584456?
False
Is 233472 a multiple of 12?
True
Is 262 a factor of 14184809?
False
Is 53 a factor of 11142879?
True
Is 114144 a multiple of 32?
True
Is 415958 a multiple of 16?
False
Is 723826 a multiple of 37?
False
Is 25 a factor of 10404475?
True
Is 352 a factor of 53856?
True
Does 16 divide 180224?
True
Is 310104 a multiple of 292?
True
Is 13 a factor of 13968474?
True
Does 157 divide 21669591?
False
Does 40 divide 82040?
True
Does 3 divide 8745?
True
Is 517 a factor of 17446145?
False
Does 59 divide 2136449?
True
Is 114 a factor of 331640?
False
Is 3 a factor of 96408?
True
Does 20 divide 1399560?
True
Is 154 a factor of 7405860?
True
Is 589 a factor of 2005545?
True
Is 7524841 a multiple of 23?
True
Is 19 a factor of 32889?
True
Does 15 divide 4479600?
True
Is 13 a factor of 511265?
False
Does 12 divide 36672?
True
Does 441 divide 141000?
False
Is 728 a fac